der when 6/9 + (-122)/b is divided by i(-4)?
10
Let y = 11264 - 11249. Calculate the remainder when 3401 is divided by y.
11
Let t = 70228 + -70107. Suppose -2408 = -3*f - f. What is the remainder when f is divided by t?
118
Let t be 210/45*(-6)/(-7). Suppose -15 = -4*r - 3. Suppose -3*x + 3*p + 63 = 0, -t*x + 49 = -r*p - 34. What is the remainder when 31 is divided by x?
11
Suppose 0*b + 3*b - 120 = 3*n, -n = -3*b + 128. Let x be (4/(-4) - (2 - 3))/(-1). Calculate the remainder when b is divided by 1 + 0 - (x - (5 + 4)).
4
Suppose -15*o + 126 = -21*o. Let i(r) = r**3 + 21*r**2 + 10. Calculate the remainder when 179 is divided by i(o).
9
Let n = 3010 - 2418. What is the remainder when n is divided by 6?
4
Let f(o) = o**2 + 2*o - 35. Let h be f(-7). Suppose -w + h + 8 = 0. Calculate the remainder when 39 is divided by w.
7
Calculate the remainder when 52 is divided by (-203)/(-41) + 188/3854.
2
Let g be 6/(-10) + 0 + (-24)/(-40). Suppose 0 = -g*m + 2*m. Suppose m = 10*x - 7*x - 66. What is the remainder when 109 is divided by x?
21
Let g(i) = i**3 + 5*i**2 - 91*i - 8. Calculate the remainder when g(-11) is divided by -2 - (-3 - (-3 - -69)).
66
What is the remainder when ((1893/(-4))/(-1))/(4/160*30) is divided by 126?
1
Calculate the remainder when 2128 is divided by (6/(-6))/((-14)/420).
28
Let c = -3651 + 6385. Calculate the remainder when c is divided by 4.
2
Suppose 56572 = 30*o - 7688. Calculate the remainder when o is divided by 79.
9
Suppose -5*p + 46 - 1 = 0. Suppose -489*i + 987 = -336*i - 84. What is the remainder when (-2)/p - (-472)/18 is divided by i?
5
Let p(l) = -496*l + 12. Calculate the remainder when p(-5) is divided by 9.
8
Let z = 70 + -8. Suppose -5*k - 2*c = -128, 4*k - 2*c - 44 = z. What is the remainder when 257/2 - (-197)/(-394) is divided by k?
24
Suppose -43*g - 24 = 5*k - 40*g, 3*g + 3 = 2*k. Calculate the remainder when 573 is divided by (-69)/(-92) - (k - (-447)/(-12)).
40
Suppose 7157 + 428 - 55 = 15*x. What is the remainder when x is divided by 11?
7
Let l(t) = t - 16. Let f be l(11). Let p(m) = 11*m**2 - 6*m**2 - 2 - 3*m + m**3 + 4. Calculate the remainder when 48 is divided by p(f).
14
Suppose 28*a + 22 = 31*a - 5*g, -4*a + 2*g = -48. Suppose -3*l + 186 = -87. What is the remainder when l is divided by a?
7
Let i be ((-64)/(-24) - 2)/((-8)/36). Let b(l) = 5*l**2 - 31*l - 89. What is the remainder when b(i) is divided by (-196)/(-12) - 4/(-6)?
15
Let h = 3995 + -3980. What is the remainder when 1917 is divided by h?
12
Let t = -1777 + 1812. Calculate the remainder when 1416 is divided by t.
16
Let c = -1 + 10. Calculate the remainder when 1*2 - (-91 + -101) is divided by c.
5
Calculate the remainder when 249 is divided by 192 - 87 - (-63)/(-6)*(-4)/(-6).
53
Let u(n) be the second derivative of n**4/6 - 11*n**3/6 + 14*n**2 + 17*n. What is the remainder when 138 is divided by u(7)?
40
Let v(l) = 13*l**2 + 2*l + 1. Let i be v(2). Let q be 20/((-2)/12 + i/126). Suppose 0 = 6*w - 13*w + q. Calculate the remainder when 49 is divided by w.
9
Let b = 108 - 297. Let k = b + 283. Calculate the remainder when 468 is divided by k.
92
Calculate the remainder when 82 is divided by -7 - 78*(-3)/(10 - 1).
6
Suppose -277 = 37*w - 2372 - 347. Calculate the remainder when 252 is divided by w.
54
Let p = 94 - 62. Let a = 127 - 117. Calculate the remainder when p is divided by a.
2
Suppose 0 = 4*y + 31*n - 29*n - 686, -328 = -2*y - 4*n. Calculate the remainder when y is divided by 21.
6
Suppose k - 4 = 0, 7 + 5 = -2*o + k. Calculate the remainder when (-242)/(-14) + (-2)/7 is divided by (30/(-5) - o)/((-2)/7).
3
Suppose -5*m = 2*w + 4, -2*w + 1 = 4*m + 5. Let r(k) = k**3 - 25*k**2 + 128*k + 27. Calculate the remainder when r(18) is divided by 8*-2*(w - -1).
15
Let c = -26 + 26. Suppose -11*y - 154 + 550 = c. What is the remainder when 139 is divided by y?
31
What is the remainder when 1091 is divided by -524*(945/(-42))/45?
43
Suppose 47040 = 92*n - 32*n. What is the remainder when n is divided by 232?
88
Suppose 36 - 1 = 7*g. What is the remainder when 101 is divided by (3 - 1/g)*60/8?
17
Suppose 0 = -c + 4*w + 637, 2*w + 2576 = 8*c - 4*c. What is the remainder when c is divided by 3*-1*(-48)/4?
33
Let o(m) = 24*m**3 + 4*m**2 - 10*m + 4. Let s be o(-3). Let d = -572 - s. Calculate the remainder when 352 is divided by d.
4
Let x be (0 - 9)*1/(-3). Suppose 0 = -x*h + 110 + 160. What is the remainder when 2 is divided by 3/(-5)*h/(-27)?
0
Let u = -2577 - -2840. Calculate the remainder when u is divided by 71.
50
Let c = 41834 + -41824. Suppose -v = -2*y + 1, 0 = -9*y + 4*y + v + 10. Calculate the remainder when c is divided by y.
1
Suppose -15*f - 20 = -19*f. Let v(x) = -x**2 + 4*x + 3. Let b be v(f). What is the remainder when (-3)/(6/(-188)) - b is divided by 33?
30
Let i = -8113 - -8130. Calculate the remainder when (-3522)/(-21) - (-6)/21 is divided by i.
15
Let g(l) = -198*l + 124. Calculate the remainder when g(0) is divided by 88.
36
Suppose 45 = 2*v - 5*c, -6 = -5*c - 1. Let s = 194 + -81. Suppose 27 + s = 10*l. What is the remainder when v is divided by l?
11
Let o(y) = -y**3 - 9*y**2 - 19*y + 6. Let g be o(-5). Calculate the remainder when 223 is divided by ((-5)/4*g)/(9/(-108)).
13
Let y(g) = 14*g - 5. Let c(u) = -27*u + 52. Let x be c(-2). Suppose -4*k + 3*a - 25 = -x, 0 = 5*k - 4*a - 101. What is the remainder when y(6) is divided by k?
16
Suppose 27*i - 18664 = -7783. What is the remainder when i is divided by 18?
7
Let o be 9/(-12) + (-177)/(-12). Calculate the remainder when 208 is divided by o/(-21) + 384/9.
40
Let f = 1498 - 1296. Calculate the remainder when f is divided by 87.
28
Suppose 0 = -4*r + 53 + 19. Let g(f) be the second derivative of -11*f**3/6 - 5*f**2 + 5*f. What is the remainder when g(-4) is divided by r?
16
Let x = -3871 - -7479. What is the remainder when x is divided by 42?
38
Let y(t) = -9 - 12 + 2*t**3 - t + t**2 + 31 - 8. Calculate the remainder when 58 is divided by y(2).
18
Let i(f) = 1270*f + 3893. Calculate the remainder when 659 is divided by i(-3).
78
Let l = 3543 - 3446. Calculate the remainder when l is divided by 83.
14
What is the remainder when (139 + -234)/(2/(-2)) is divided by 31?
2
Suppose 4425 + 5144 = 174*z - 1219. What is the remainder when (-4)/10 + (-2167)/(-5) is divided by z?
61
Suppose 3*j + 9*h - 7*h - 21 = 0, 0 = -4*j + h + 39. Suppose c - 3*c = -6. Calculate the remainder when j is divided by c.
0
Let p(a) = -a**2 + 11*a + 7. Let k = 164 + -88. Let n = k + -63. What is the remainder when p(6) is divided by n?
11
Suppose -7*n + 3160 = 1851. What is the remainder when 5422 is divided by n?
186
Suppose 0*j - j - 5*o = -23, 4*j - 2*o = 48. Suppose 6*h = j*h - 959. Calculate the remainder when h is divided by 14.
11
Let a be 6/(-24)*(0 - 12). Suppose a*r = -7*r + 280. Calculate the remainder when r is divided by 16.
12
Suppose 0 = 4*p - 18*i + 4*i - 922, -4*p = -3*i - 845. Calculate the remainder when p is divided by 38.
16
Let x = 1134 - 932. What is the remainder when x is divided by 41?
38
Suppose 41*i - 187*i = 196*i. Suppose 0*r - 5*r + 10 = 0. Suppose r*h - 24 = -g, -4*g + 78 = -i*h + 2*h. What is the remainder when 89 is divided by g?
17
Suppose -4*v - 550 = -3*j, -j + 2*v = -2*j + 200. Suppose j = 9*o + 10*o. What is the remainder when 58 is divided by o?
8
Suppose 2*m = 5*k + 93, -55*m + 5*k - 24 = -56*m. What is the remainder when m is divided by 5?
4
Let f be -1 + (-429)/(-1) + 4 + 0. Suppose 4*u - 3*n - f = -2*n, 4*n = 16. What is the remainder when u is divided by 55?
54
Let m be -5 + (-9 + 5)/(8/(-8756)). Suppose m + 4861 = 57*t. What is the remainder when t is divided by 46?
24
Suppose 2*k = -19*k - 8*k + 20184. Calculate the remainder when k is divided by 174.
0
Suppose 4*z - 746 + 50 = 0. Let a be 5/((-60)/z) + (-1)/2. What is the remainder when (-40)/a - (-1)/3 - -75 is divided by 16?
14
Let t(h) = 39*h + 133. Let f(o) = -116*o - 398. Let n(g) = -3*f(g) - 10*t(g). Calculate the remainder when n(-5) is divided by 17.
6
Let z be (-996)/33 - 4/(-22). Suppose v + 5*d = 34, -d - 247 = -243. What is the remainder when v is divided by (-438)/z - 3/5?
12
Suppose -y - 3*i = -5*y, -i = 0. Suppose y + 21 = h. Calculate the remainder when 187 is divided by h.
19
S